 = 3 + n. Suppose g - i = -2*h + 21, -2*h - 2*g = -22. What is the highest common divisor of h and 11?
11
Let q = -19 - -26. Calculate the greatest common divisor of 7 and q.
7
Suppose -3*a - 6 = -12. Suppose 6 + 2 = 4*q - a*z, 5 = 5*q - 5*z. What is the highest common divisor of q and 2?
1
Let k = -170 - -216. What is the greatest common factor of 46 and k?
46
Suppose 7 = -3*x + 40. What is the greatest common divisor of 55 and x?
11
Suppose p - 30 = -2*p. What is the greatest common factor of p and 30?
10
Let i = -19 + 31. Suppose -4 = -4*p + i. What is the highest common divisor of p and 16?
4
Let h(q) = 12*q - 97. Let w be h(11). Calculate the highest common factor of 385 and w.
35
Suppose -20 = -4*u + 2*u. Let k be -1 + -1 + 1 + 51. Calculate the greatest common divisor of u and k.
10
Let x be 1 + 0 - (2 - 13). Let v(w) = w**2 - 4*w - 10. Let i be v(7). Suppose -i*s = -7*s - 48. What is the highest common factor of x and s?
12
Suppose 15 - 191 = -16*j. Suppose 3*b - 203 = 52. Let u = -30 + b. What is the highest common factor of u and j?
11
Let w = 25 + -15. Let n = 12 - w. What is the greatest common factor of 14 and n?
2
Let s be 115/15 - (-8)/(-12). What is the greatest common factor of 1 and s?
1
Let f = 11 - 0. Suppose -5*o - 25 = 0, 3*o + o - 46 = -2*a. Calculate the greatest common factor of a and f.
11
Let g be 5/((-8)/4 + 3). Suppose 20 = g*y - y. Calculate the highest common divisor of y and 15.
5
Let i = 4 + 4. Calculate the greatest common factor of 56 and i.
8
Let s = 6 + -1. Suppose -2*k = g - s, -4*g - g + 69 = -k. What is the greatest common divisor of g and 104?
13
Suppose 2*l + 2*u = 562, -7*u + 568 = 2*l - 2*u. What is the greatest common factor of l and 31?
31
Let g(h) = -53*h - 8. Let y be g(-1). What is the greatest common divisor of y and 18?
9
Suppose 5*g - 2*g - 6 = 0. Let f be (6/15)/((-2)/(-100)). What is the highest common factor of f and g?
2
Suppose -3*r = 3*q - 27, 4*q + r = -10 + 49. Calculate the highest common factor of q and 25.
5
Suppose -5*h - 44 = -j, 3*h = -h + 3*j - 33. Let m = 0 - h. Calculate the highest common divisor of 18 and m.
9
Let k(u) = -u**2 - 12*u - 5. Let b be k(-7). Let f be 1/(2/b) - 0. Let q be (1*6)/((-2)/(-20)). Calculate the greatest common factor of f and q.
15
Suppose -b = -1, b = 5*z + 2*b - 241. What is the highest common divisor of z and 12?
12
Suppose -g + 4 = -29. Suppose -3*n - 6 + g = 0. What is the highest common divisor of n and 99?
9
Let a be -1*17*(1 + -2). What is the highest common divisor of a and 187?
17
Suppose 37*t - 30*t = 700. Let p = -45 - -65. What is the greatest common divisor of t and p?
20
Let p = 11 + -8. Calculate the greatest common divisor of p and 12.
3
Let v(a) = a**3 - 10*a**2 + 2*a + 13. Let k be v(10). Suppose b - 98 = -k. What is the highest common divisor of 13 and b?
13
Let f = -3 - -15. What is the highest common divisor of f and 48?
12
Let j(z) = -6*z**2 + z + 1. Let t be j(-1). Let f = 13 - t. Let g(s) = -25*s - 4. Let m be g(-7). Calculate the greatest common factor of m and f.
19
Suppose 12 = 2*j + 2. Calculate the highest common factor of 20 and j.
5
Suppose h = -h. Suppose h = 2*c - 13 - 13. Let t = -23 + 62. Calculate the greatest common factor of t and c.
13
Let g be (-2)/(-6) - (-29)/3. Let r = -7 - -6. Let o(h) = -6*h**3 - 2*h**2 + 1. Let q be o(r). What is the highest common divisor of g and q?
5
Let t(n) = -10*n - 11 - 6 + 4. Let a be t(-9). Calculate the greatest common factor of a and 7.
7
Let k = -57 - -113. What is the greatest common factor of 14 and k?
14
Let w = -6 + 9. Suppose -4*h - 2*v + 14 = 0, -w*h + 5*v - 12 = -29. Suppose -h*j - 15 = -51. Calculate the highest common divisor of 36 and j.
9
Let g(n) = 2*n - 3*n + 2*n. Let c be g(4). Suppose -f = -c*h - 2*f + 30, 4*f = -5*h + 32. Calculate the greatest common factor of 40 and h.
8
Suppose 4*s - 8 = 0, -z - 3*s = -4*s + 7. Let d = 13 + z. What is the greatest common factor of 8 and d?
8
Suppose 2*f - 5*o = 3*f - 126, -630 = -5*f - o. What is the highest common divisor of 18 and f?
18
Let h(x) = -x**2 - 5*x - 5. Let u be h(-5). Let f(v) = -v**3 - 5*v**2 - 7*v - 5. Let w be f(u). What is the highest common factor of 75 and w?
15
Let n = -27 - -15. Let u be (n/4)/((-3)/2). Let r be ((-14)/(-3))/(u/3). Calculate the greatest common divisor of 14 and r.
7
Let i be 1188/55 - (-4)/10. Let a(w) = w + 7. Let u be a(-5). What is the greatest common factor of i and u?
2
Let f be 5 - (-15)/10*(-16)/(-6). Suppose 0 = -2*a - 2*a + 36. What is the greatest common factor of f and a?
9
Suppose -27 = -3*i + b - 4, 0 = -4*i - 2*b + 44. Let a(q) = 2*q + i - q + 0*q - 4. Let u be a(5). Calculate the greatest common divisor of u and 10.
10
Let q be 8/(-12) - (-184)/6. Suppose 2*r = 3*w + q, r + 2*w - 21 = 5*w. What is the highest common divisor of 18 and r?
9
Let k = -25 - -36. What is the greatest common divisor of 11 and k?
11
Suppose -2*a + 0*q = -5*q - 12, a = 3*q + 7. Let u = 2 + a. What is the highest common divisor of u and 3?
3
Let s be 382/4 + 5*(-4)/(-40). What is the highest common divisor of 24 and s?
24
Let n = 62 + -26. Let h be (-2)/((2/(-18))/1). What is the highest common factor of n and h?
18
Suppose -d - 17 = -72. Let x = -27 + d. Suppose 0*l = 4*i + l - 278, 0 = -4*i + 4*l + 288. What is the greatest common divisor of i and x?
14
Let x(c) = -2*c**2 - 26*c - 18. Let f be x(-12). What is the highest common factor of f and 66?
6
Let c be (-22)/(-18) + (-6)/27. Let k be (2 - 3)*-1*c. Calculate the highest common divisor of k and 11.
1
Let w = 63 - 11. Let m = w - 17. What is the greatest common divisor of m and 5?
5
Let f(u) = -u**2 - 11*u - 20. Let q be f(-8). Suppose 0 = 4*p - 24 - 16. Calculate the greatest common divisor of q and p.
2
Suppose -3*o + 2*c = o - 4, 5*o - 4 = 3*c. Suppose 8 = o*r + 4. Suppose 10 = r*m + 2*f - 4, 2*f = m + 2. What is the greatest common factor of 4 and m?
4
Let b(t) = 14*t + 1. Let d be b(-1). Let a be 2 - ((-2 - 25) + 2). Let y = d + a. What is the highest common divisor of y and 70?
14
Let p(t) = -t**2 - 14*t - 36. Let a be p(-9). What is the highest common factor of 99 and a?
9
Let o(m) = m + 6 + 12*m - 18 - 4*m. Let j be o(5). Calculate the greatest common divisor of j and 11.
11
Let w be (2/(-4) - 1)*-2. Suppose -w*f + 90 = -f. What is the highest common divisor of f and 30?
15
Let f = 227 + -40. What is the highest common divisor of 17 and f?
17
Let b = 5 + -3. Suppose 2*y + c = -b*y + 85, y = 4*c + 17. What is the greatest common divisor of y and 189?
21
Suppose o - 5 = -1. Let i be -8*((-28)/8 - o). What is the greatest common divisor of 10 and i?
10
Suppose -4*l + 513 + 319 = 0. Calculate the highest common factor of 26 and l.
26
Let w = -156 - -64. Let n = w - -172. What is the greatest common factor of n and 16?
16
Let b(z) = 2 + 3*z - 4 + 3 - 2*z + z**2. Let h be b(-3). Calculate the highest common divisor of h and 49.
7
Let f be (6 - 7)*3/(-3). Calculate the highest common divisor of 1 and f.
1
Suppose 0 = r + j - 25 - 3, 140 = 5*r - 5*j. Suppose y + 4*h - 5 = 15, 5*y = -2*h + r. What is the greatest common divisor of 4 and y?
4
Suppose -2*s + 28 = 10. Calculate the highest common divisor of s and 45.
9
Let w be -90*(-1 - (-6)/10). Suppose -b - 6 = -w. Calculate the highest common divisor of 6 and b.
6
Let y(l) = l**2 + 9*l - 10. Let d be y(4). Let h = -28 + 42. What is the highest common divisor of h and d?
14
Let l = -12 + 21. Let k(j) = 2*j - 12. Let z be k(l). Suppose 3*d + 126 = z*d. Calculate the highest common factor of d and 6.
6
Let x be 2/2 + 4 + 2. Calculate the greatest common factor of x and 35.
7
Let z(f) be the second derivative of 0 - 2*f - 9/2*f**2 - 1/3*f**3. Let m be z(-6). Calculate the highest common factor of m and 3.
3
Let f(n) = -3*n - 5. Suppose 4 - 20 = 4*d. Let h be f(d). Suppose -37 = -p - 2. Calculate the greatest common divisor of h and p.
7
Let x be 1 + (-5)/(10/22). Let g(l) = 17*l + 1. Let f be g(1). Let o = x + f. What is the highest common factor of 20 and o?
4
Let a(i) = i**2 + 10*i - 14. Let z be a(-12). Suppose 0*f - z = -5*f. Calculate the highest common factor of 14 and f.
2
Let l = 195 + -104. Let m be 3/12 - 23/(-4). Suppose 45 = 3*c + m. Calculate the highest common factor of c and 